{"id":781,"date":"2023-07-30T01:54:42","date_gmt":"2023-07-29T23:54:42","guid":{"rendered":"https:\/\/kanuracer.eu\/?page_id=781"},"modified":"2025-08-04T08:12:32","modified_gmt":"2025-08-04T06:12:32","slug":"apache2-php-mariadb-wordpress-nextcloud-lets-encrypt","status":"publish","type":"page","link":"https:\/\/kanuracer.eu\/index.php\/linux\/debian\/apache2-php-mariadb-wordpress-nextcloud-lets-encrypt\/","title":{"rendered":"Apache2, PHP, MariaDB, phpmyadmin, WordPress, Nextcloud, Lets Encrypt,&#8230;"},"content":{"rendered":"\n<p>Um euch die Ersteinrichtung etwas zu erleichtern, habe ich ein Script geschrieben, welches euch vollkommen automatisch den Apache2 Webserver, PHP, MariaDB, phpmyadmin, WordPress, Nextcloud, Lets Encrypt Certbot und Cronjobs f\u00fcr automatische Updates installiert. <br>Um das Script zu verwenden m\u00fcsst ihr nur diesen Befehl ausf\u00fchren und die anschlie\u00dfenden Fragen beantworten:<br><code>wget <a href=\"https:\/\/raw.githubusercontent.com\/kanuracer\/scripts\/main\/linux\/debian12\/webserver\/autoinstall_de.sh\">https:\/\/raw.githubusercontent.com\/kanuracer\/scripts\/main\/linux\/debian12\/webserver\/autoinstall_de.sh<\/a><br>chmod +x autoinstall_de.sh<br>.\/autoinstall_de.sh<\/code><\/p>\n\n\n\n<p><br>Die englische Version k\u00f6nnt ihr \u00fcber diesen Befehl nutzen:<br><code>wget https:\/\/raw.githubusercontent.com\/kanuracer\/scripts\/main\/linux\/debian12\/webserver\/autoinstall_en.sh<br>chmod +x autoinstall_en.sh<br>.\/autoinstall_en.sh<\/code><\/p>\n\n\n\n<p>WICHTIG: Eure Domain muss bereits auf euren Server zeigen!<\/p>\n\n\n\n<p><em>Zuletzt gepr\u00fcft und bearbeitet: <span class=\"last-modified-timestamp\">Aug. 4, 2025 @ 8:12<\/span><\/em><\/p>\n","protected":false},"excerpt":{"rendered":"<p>Um euch die Ersteinrichtung etwas zu erleichtern, habe ich ein Script geschrieben, welches euch vollkommen automatisch den Apache2 Webserver, PHP, MariaDB, phpmyadmin, WordPress, Nextcloud, Lets Encrypt Certbot und Cronjobs f\u00fcr automatische Updates installiert. Um das Script zu verwenden m\u00fcsst ihr nur diesen Befehl ausf\u00fchren und die anschlie\u00dfenden Fragen beantworten:wget https:\/\/raw.githubusercontent.com\/kanuracer\/scripts\/main\/linux\/debian12\/webserver\/autoinstall_de.shchmod +x autoinstall_de.sh.\/autoinstall_de.sh Die englische Version [&hellip;]<\/p>\n","protected":false},"author":1,"featured_media":0,"parent":24,"menu_order":0,"comment_status":"closed","ping_status":"closed","template":"","meta":{"footnotes":""},"class_list":["post-781","page","type-page","status-publish","hentry"],"yoast_head":"<!-- This site is optimized with the Yoast SEO plugin v27.5 - https:\/\/yoast.com\/product\/yoast-seo-wordpress\/ -->\n<title>Apache2, PHP, MariaDB, phpmyadmin, Wordpress, Nextcloud, Lets Encrypt,... - kanuracer<\/title>\n<meta name=\"robots\" content=\"index, follow, max-snippet:-1, max-image-preview:large, max-video-preview:-1\" \/>\n<link rel=\"canonical\" href=\"https:\/\/kanuracer.eu\/index.php\/linux\/debian\/apache2-php-mariadb-wordpress-nextcloud-lets-encrypt\/\" \/>\n<meta property=\"og:locale\" content=\"de_DE\" \/>\n<meta property=\"og:type\" content=\"article\" \/>\n<meta property=\"og:title\" content=\"Apache2, PHP, MariaDB, phpmyadmin, Wordpress, Nextcloud, Lets Encrypt,... - kanuracer\" \/>\n<meta property=\"og:description\" content=\"Um euch die Ersteinrichtung etwas zu erleichtern, habe ich ein Script geschrieben, welches euch vollkommen automatisch den Apache2 Webserver, PHP, MariaDB, phpmyadmin, WordPress, Nextcloud, Lets Encrypt Certbot und Cronjobs f\u00fcr automatische Updates installiert. Um das Script zu verwenden m\u00fcsst ihr nur diesen Befehl ausf\u00fchren und die anschlie\u00dfenden Fragen beantworten:wget https:\/\/raw.githubusercontent.com\/kanuracer\/scripts\/main\/linux\/debian12\/webserver\/autoinstall_de.shchmod +x autoinstall_de.sh.\/autoinstall_de.sh Die englische Version [&hellip;]\" \/>\n<meta property=\"og:url\" content=\"https:\/\/kanuracer.eu\/index.php\/linux\/debian\/apache2-php-mariadb-wordpress-nextcloud-lets-encrypt\/\" \/>\n<meta property=\"og:site_name\" content=\"kanuracer\" \/>\n<meta property=\"article:modified_time\" content=\"2025-08-04T06:12:32+00:00\" \/>\n<meta name=\"twitter:card\" content=\"summary_large_image\" \/>\n<meta name=\"twitter:label1\" content=\"Gesch\u00e4tzte Lesezeit\" \/>\n\t<meta name=\"twitter:data1\" content=\"1\u00a0Minute\" \/>\n<script type=\"application\/ld+json\" class=\"yoast-schema-graph\">{\"@context\":\"https:\\\/\\\/schema.org\",\"@graph\":[{\"@type\":\"WebPage\",\"@id\":\"https:\\\/\\\/kanuracer.eu\\\/index.php\\\/linux\\\/debian\\\/apache2-php-mariadb-wordpress-nextcloud-lets-encrypt\\\/\",\"url\":\"https:\\\/\\\/kanuracer.eu\\\/index.php\\\/linux\\\/debian\\\/apache2-php-mariadb-wordpress-nextcloud-lets-encrypt\\\/\",\"name\":\"Apache2, PHP, MariaDB, phpmyadmin, Wordpress, Nextcloud, Lets Encrypt,... - kanuracer\",\"isPartOf\":{\"@id\":\"https:\\\/\\\/kanuracer.eu\\\/#website\"},\"datePublished\":\"2023-07-29T23:54:42+00:00\",\"dateModified\":\"2025-08-04T06:12:32+00:00\",\"breadcrumb\":{\"@id\":\"https:\\\/\\\/kanuracer.eu\\\/index.php\\\/linux\\\/debian\\\/apache2-php-mariadb-wordpress-nextcloud-lets-encrypt\\\/#breadcrumb\"},\"inLanguage\":\"de\",\"potentialAction\":[{\"@type\":\"ReadAction\",\"target\":[\"https:\\\/\\\/kanuracer.eu\\\/index.php\\\/linux\\\/debian\\\/apache2-php-mariadb-wordpress-nextcloud-lets-encrypt\\\/\"]}]},{\"@type\":\"BreadcrumbList\",\"@id\":\"https:\\\/\\\/kanuracer.eu\\\/index.php\\\/linux\\\/debian\\\/apache2-php-mariadb-wordpress-nextcloud-lets-encrypt\\\/#breadcrumb\",\"itemListElement\":[{\"@type\":\"ListItem\",\"position\":1,\"name\":\"Startseite\",\"item\":\"https:\\\/\\\/kanuracer.eu\\\/\"},{\"@type\":\"ListItem\",\"position\":2,\"name\":\"Linux\",\"item\":\"https:\\\/\\\/kanuracer.eu\\\/index.php\\\/linux\\\/\"},{\"@type\":\"ListItem\",\"position\":3,\"name\":\"Debian\",\"item\":\"https:\\\/\\\/kanuracer.eu\\\/index.php\\\/linux\\\/debian\\\/\"},{\"@type\":\"ListItem\",\"position\":4,\"name\":\"Apache2, PHP, MariaDB, phpmyadmin, WordPress, Nextcloud, Lets Encrypt,&#8230;\"}]},{\"@type\":\"WebSite\",\"@id\":\"https:\\\/\\\/kanuracer.eu\\\/#website\",\"url\":\"https:\\\/\\\/kanuracer.eu\\\/\",\"name\":\"kanuracer\",\"description\":\"Games, IT &amp; More\",\"publisher\":{\"@id\":\"https:\\\/\\\/kanuracer.eu\\\/#\\\/schema\\\/person\\\/44cfc12e4d1a361d50c29f61cae0617d\"},\"potentialAction\":[{\"@type\":\"SearchAction\",\"target\":{\"@type\":\"EntryPoint\",\"urlTemplate\":\"https:\\\/\\\/kanuracer.eu\\\/?s={search_term_string}\"},\"query-input\":{\"@type\":\"PropertyValueSpecification\",\"valueRequired\":true,\"valueName\":\"search_term_string\"}}],\"inLanguage\":\"de\"},{\"@type\":[\"Person\",\"Organization\"],\"@id\":\"https:\\\/\\\/kanuracer.eu\\\/#\\\/schema\\\/person\\\/44cfc12e4d1a361d50c29f61cae0617d\",\"name\":\"kanuracer\",\"image\":{\"@type\":\"ImageObject\",\"inLanguage\":\"de\",\"@id\":\"https:\\\/\\\/kanuracer.eu\\\/wp-content\\\/uploads\\\/2020\\\/08\\\/Logo_White_800.png\",\"url\":\"https:\\\/\\\/kanuracer.eu\\\/wp-content\\\/uploads\\\/2020\\\/08\\\/Logo_White_800.png\",\"contentUrl\":\"https:\\\/\\\/kanuracer.eu\\\/wp-content\\\/uploads\\\/2020\\\/08\\\/Logo_White_800.png\",\"width\":800,\"height\":800,\"caption\":\"kanuracer\"},\"logo\":{\"@id\":\"https:\\\/\\\/kanuracer.eu\\\/wp-content\\\/uploads\\\/2020\\\/08\\\/Logo_White_800.png\"},\"sameAs\":[\"https:\\\/\\\/kanuracer.eu\"]}]}<\/script>\n<!-- \/ Yoast SEO plugin. -->","yoast_head_json":{"title":"Apache2, PHP, MariaDB, phpmyadmin, Wordpress, Nextcloud, Lets Encrypt,... - kanuracer","robots":{"index":"index","follow":"follow","max-snippet":"max-snippet:-1","max-image-preview":"max-image-preview:large","max-video-preview":"max-video-preview:-1"},"canonical":"https:\/\/kanuracer.eu\/index.php\/linux\/debian\/apache2-php-mariadb-wordpress-nextcloud-lets-encrypt\/","og_locale":"de_DE","og_type":"article","og_title":"Apache2, PHP, MariaDB, phpmyadmin, Wordpress, Nextcloud, Lets Encrypt,... - kanuracer","og_description":"Um euch die Ersteinrichtung etwas zu erleichtern, habe ich ein Script geschrieben, welches euch vollkommen automatisch den Apache2 Webserver, PHP, MariaDB, phpmyadmin, WordPress, Nextcloud, Lets Encrypt Certbot und Cronjobs f\u00fcr automatische Updates installiert. Um das Script zu verwenden m\u00fcsst ihr nur diesen Befehl ausf\u00fchren und die anschlie\u00dfenden Fragen beantworten:wget https:\/\/raw.githubusercontent.com\/kanuracer\/scripts\/main\/linux\/debian12\/webserver\/autoinstall_de.shchmod +x autoinstall_de.sh.\/autoinstall_de.sh Die englische Version [&hellip;]","og_url":"https:\/\/kanuracer.eu\/index.php\/linux\/debian\/apache2-php-mariadb-wordpress-nextcloud-lets-encrypt\/","og_site_name":"kanuracer","article_modified_time":"2025-08-04T06:12:32+00:00","twitter_card":"summary_large_image","twitter_misc":{"Gesch\u00e4tzte Lesezeit":"1\u00a0Minute"},"schema":{"@context":"https:\/\/schema.org","@graph":[{"@type":"WebPage","@id":"https:\/\/kanuracer.eu\/index.php\/linux\/debian\/apache2-php-mariadb-wordpress-nextcloud-lets-encrypt\/","url":"https:\/\/kanuracer.eu\/index.php\/linux\/debian\/apache2-php-mariadb-wordpress-nextcloud-lets-encrypt\/","name":"Apache2, PHP, MariaDB, phpmyadmin, Wordpress, Nextcloud, Lets Encrypt,... - kanuracer","isPartOf":{"@id":"https:\/\/kanuracer.eu\/#website"},"datePublished":"2023-07-29T23:54:42+00:00","dateModified":"2025-08-04T06:12:32+00:00","breadcrumb":{"@id":"https:\/\/kanuracer.eu\/index.php\/linux\/debian\/apache2-php-mariadb-wordpress-nextcloud-lets-encrypt\/#breadcrumb"},"inLanguage":"de","potentialAction":[{"@type":"ReadAction","target":["https:\/\/kanuracer.eu\/index.php\/linux\/debian\/apache2-php-mariadb-wordpress-nextcloud-lets-encrypt\/"]}]},{"@type":"BreadcrumbList","@id":"https:\/\/kanuracer.eu\/index.php\/linux\/debian\/apache2-php-mariadb-wordpress-nextcloud-lets-encrypt\/#breadcrumb","itemListElement":[{"@type":"ListItem","position":1,"name":"Startseite","item":"https:\/\/kanuracer.eu\/"},{"@type":"ListItem","position":2,"name":"Linux","item":"https:\/\/kanuracer.eu\/index.php\/linux\/"},{"@type":"ListItem","position":3,"name":"Debian","item":"https:\/\/kanuracer.eu\/index.php\/linux\/debian\/"},{"@type":"ListItem","position":4,"name":"Apache2, PHP, MariaDB, phpmyadmin, WordPress, Nextcloud, Lets Encrypt,&#8230;"}]},{"@type":"WebSite","@id":"https:\/\/kanuracer.eu\/#website","url":"https:\/\/kanuracer.eu\/","name":"kanuracer","description":"Games, IT &amp; More","publisher":{"@id":"https:\/\/kanuracer.eu\/#\/schema\/person\/44cfc12e4d1a361d50c29f61cae0617d"},"potentialAction":[{"@type":"SearchAction","target":{"@type":"EntryPoint","urlTemplate":"https:\/\/kanuracer.eu\/?s={search_term_string}"},"query-input":{"@type":"PropertyValueSpecification","valueRequired":true,"valueName":"search_term_string"}}],"inLanguage":"de"},{"@type":["Person","Organization"],"@id":"https:\/\/kanuracer.eu\/#\/schema\/person\/44cfc12e4d1a361d50c29f61cae0617d","name":"kanuracer","image":{"@type":"ImageObject","inLanguage":"de","@id":"https:\/\/kanuracer.eu\/wp-content\/uploads\/2020\/08\/Logo_White_800.png","url":"https:\/\/kanuracer.eu\/wp-content\/uploads\/2020\/08\/Logo_White_800.png","contentUrl":"https:\/\/kanuracer.eu\/wp-content\/uploads\/2020\/08\/Logo_White_800.png","width":800,"height":800,"caption":"kanuracer"},"logo":{"@id":"https:\/\/kanuracer.eu\/wp-content\/uploads\/2020\/08\/Logo_White_800.png"},"sameAs":["https:\/\/kanuracer.eu"]}]}},"_links":{"self":[{"href":"https:\/\/kanuracer.eu\/index.php\/wp-json\/wp\/v2\/pages\/781","targetHints":{"allow":["GET"]}}],"collection":[{"href":"https:\/\/kanuracer.eu\/index.php\/wp-json\/wp\/v2\/pages"}],"about":[{"href":"https:\/\/kanuracer.eu\/index.php\/wp-json\/wp\/v2\/types\/page"}],"author":[{"embeddable":true,"href":"https:\/\/kanuracer.eu\/index.php\/wp-json\/wp\/v2\/users\/1"}],"replies":[{"embeddable":true,"href":"https:\/\/kanuracer.eu\/index.php\/wp-json\/wp\/v2\/comments?post=781"}],"version-history":[{"count":10,"href":"https:\/\/kanuracer.eu\/index.php\/wp-json\/wp\/v2\/pages\/781\/revisions"}],"predecessor-version":[{"id":981,"href":"https:\/\/kanuracer.eu\/index.php\/wp-json\/wp\/v2\/pages\/781\/revisions\/981"}],"up":[{"embeddable":true,"href":"https:\/\/kanuracer.eu\/index.php\/wp-json\/wp\/v2\/pages\/24"}],"wp:attachment":[{"href":"https:\/\/kanuracer.eu\/index.php\/wp-json\/wp\/v2\/media?parent=781"}],"curies":[{"name":"wp","href":"https:\/\/api.w.org\/{rel}","templated":true}]}}